*t = -5*l - 20, -6*t + 5*t + 23 = 4*l. Is p(t) a composite number?
True
Is -1968332*(14 - 295/20) composite?
True
Suppose 0 = 2*k - 1080 + 4734. Let d = k + 3208. Is d prime?
True
Let a(z) be the third derivative of -z**6/24 + 3*z**5/20 - 2*z**4/3 + 17*z**3/6 - z**2 - 49*z. Is a(-9) a composite number?
True
Suppose -5*o + 3*b + 23646 = 0, b - 894 - 3840 = -o. Let v = -1988 + o. Is v composite?
True
Let l(b) = -b - 9 + 4*b - 6 + 13. Let v be l(1). Is (v - 4 - -4) + 129 + 1 composite?
False
Is (-7 + (-1852100)/30 + 3)*(-3)/2 a composite number?
True
Let o = -4068 + 4094. Suppose -m = -3, -2*i = -7*i + 4*m + 53. Is 35382/o + 2/i composite?
False
Suppose -36 + 34 = -2*f. Is f/(-2)*(6 + 5 - 1063) prime?
False
Let m be 4/(-12)*(-752 + 8). Suppose -5*s + 4*i + 338 = -2*s, -m = -2*s - 3*i. Is s a composite number?
True
Let y(z) = 15*z - 229. Let x be y(15). Let d(h) = 19*h**2 + 6*h + 19. Is d(x) prime?
False
Let j be 44/(0 - 1)*798/(-8). Suppose 0 = -17*y + 15*y + 4, 0 = f - y - j. Is f a prime number?
True
Suppose 0 = 2*z - 5*v + 3008, 5*z - 3*v = z - 6044. Let o = -889 - z. Suppose 0 = 6*m - 5*m - 2*c - 219, -3*m - 2*c = -o. Is m prime?
True
Let v = -82707 - -147796. Is v prime?
True
Suppose 6*n - 368 - 392 = -22. Let o(c) = 7*c - 2. Let j be o(-2). Let w = n - j. Is w a prime number?
True
Let r(h) = 6*h + 34. Let c be r(-5). Suppose -c*p = -10*p + 65622. Is p composite?
False
Suppose -5*m - 3*p = -m + 6, -10 = 5*m + 5*p. Suppose -x - 10 = -g + 4*x, m = -4*g - 4*x + 16. Suppose 8*l - g*l = 543. Is l a prime number?
True
Let w(q) = -q**2 - q + 4. Let t be w(2). Let s be 1/1 - (t - -1). Suppose 2174 = 4*u - s*u. Is u a prime number?
True
Let z(n) = n**3 - 5*n**2 + 3*n. Let k be z(4). Let p = -228 + 224. Is (178/p)/((2/1)/k) a composite number?
False
Suppose 6*t + 79 = 91. Suppose t*l = 3*j + 2338, -3*l - l - j = -4676. Is l a composite number?
True
Suppose -3*r - 406626 = -3*i, -109*i = -104*i + 4*r - 677755. Is i a composite number?
True
Suppose 28705813 = 105*b - 46693112. Is b prime?
False
Let u = -371 - -373. Suppose 0 = -3*p - 3, -4*x + u*p + 12148 = -2*x. Is x a prime number?
True
Suppose -11*s - 56358 = -5*s. Let a = -2891 - s. Is a composite?
True
Let x be ((-2325)/(-62))/((-2)/(-1188) - 0). Suppose -x = -4*b + 1929. Is b a composite number?
True
Suppose 5*o - o + 16 = 0. Is o*(-4 - (-3630)/(-8)) prime?
True
Suppose -6*q + 54 = 60. Is (q/(-2)*5403)/((-78)/(-364)) a composite number?
True
Let b be (-2)/(-4) + 20/8. Suppose n = -5*i + 1610, -b*i - n - 4*n + 966 = 0. Suppose 17*r - 19*r + i = 0. Is r prime?
False
Is (1 - (-1 + 1))*(488710 - -1) composite?
False
Suppose 4*u + 200607 = -721313. Is 14/10 - 2 - u/50 composite?
True
Let u = 157 + -173. Is 13606*2/u*-4 composite?
False
Suppose f - 32 = 2*p, -25*f = -21*f + 2*p - 88. Suppose 26*d - 958 = f*d. Is d prime?
True
Is ((-174)/36)/((-8)/66288) a composite number?
True
Let m = 119 - 115. Let w be (-2)/m*-1614 + (0 - -3). Let r = 4603 - w. Is r a prime number?
True
Is 130870 - 164 - 3*3 a composite number?
True
Let q(j) = 2*j**2 - 56*j - 1. Let l be q(28). Is (4 - 8) + (1472 - (l + -2)) composite?
False
Let q = 1856600 - 430893. Is q a prime number?
True
Let q be (-2 - -4) + -5 + 18/3. Suppose -3 = w - q. Suppose -3*v + 1186 = 2*k - w*k, -4*k + 2344 = -v. Is k a prime number?
True
Is 8 + (-37)/74 + (-70031)/(-2) a prime number?
True
Let m be (-16)/6 - 816036/(-36). Let g = m - 12922. Is g composite?
False
Let y(v) = v**3 - 18*v**2 - 2*v - 18. Suppose 8*j - 174 = -46. Let m be y(j). Let w = 1005 + m. Is w a composite number?
False
Suppose -5*q - 35 = 0, -3*k + 751*q = 755*q - 263513. Is k composite?
True
Let y(q) = q**3 + 17*q**2 + 1. Let h be y(-17). Suppose -5*l - 5 = 0, h = -n - 5*l + 13. Suppose -19*i + n*i = -3674. Is i a prime number?
False
Let n = -61754 + 124945. Is n a prime number?
False
Suppose 3*i = -6*l + 4*l - 26, -77 = 3*l - 5*i. Let f(a) = -2*a**3 - 21*a**2 - 29*a - 59. Is f(l) a composite number?
True
Suppose 2*l = -3*d - l + 6990, l + 2322 = d. Let f = d - 1437. Suppose f - 30 = 4*y + 3*g, 0 = -5*y + 5*g + 1030. Is y composite?
False
Suppose -4*n + 1873732 = p, -5*n - 2*p + 1364177 + 977994 = 0. Is n a composite number?
True
Let a be (-2)/(-6) + 5/3. Let n(z) = -5*z**2 - 155 + 568 - a*z + 4*z**2 - z. Is n(0) composite?
True
Suppose -79*k + 1813282 = -15*k - 641694. Is k a prime number?
False
Let s = -6 + 16. Let r be 4/s + 12923/10*2. Suppose -14*i = -3*i - r. Is i a composite number?
True
Let u(y) = 37*y**3 - 8. Let h be u(3). Suppose -3*j + 503 = -h. Suppose -2*x = -8, -3*g - 2*x = -j - 497. Is g a prime number?
False
Suppose -5*h = -15 - 10. Suppose -a = h*s - 683, s = 4*a - 3*s - 2612. Suppose -d = -a + 72. Is d a prime number?
False
Suppose 136255 = 10*v + 25*v. Let j = v + -1014. Is j prime?
True
Is 31/(434/1308636) + 5 a prime number?
True
Suppose -2*u - 3*u + 40 = 0. Suppose 5*z - 18 = -u. Suppose t - 1171 = -4*n, -6*t + 1168 = 4*n - z*t. Is n prime?
True
Let m = 644486 + -71857. Is m composite?
False
Let w(n) = n**2 + 23*n + 128. Let a be w(-13). Let x(r) = r**2 + 16*r + 12. Let p be x(-8). Is p/78*2001/a prime?
False
Suppose 0 = 21*w - 6*w + 975. Let n = w + 68. Suppose 0 = u - b - n*b - 46, -200 = -5*u + 5*b. Is u prime?
False
Let j = -138139 + 217390. Is j composite?
True
Let m(q) be the third derivative of q**5/15 + 25*q**4/24 - 17*q**3/6 - 1658*q**2. Suppose 5*f + 36 = 2*f. Is m(f) a composite number?
True
Let g(o) = 85*o**2 - 56*o + 215. Is g(6) a prime number?
True
Suppose -4*p - 15316 = 4704. Let y = 12631 + p. Suppose -4*v + 2*h + 4126 = -y, -5*h = 5*v - 14705. Is v a composite number?
False
Is 1 + (5 + (-143)/33)*95352 a prime number?
False
Let r = 245 + -241. Let g(i) = 183*i**3 + 3*i**2 + i - 21. Is g(r) a prime number?
True
Let t = 24008 + 299493. Is t a prime number?
False
Let b(s) be the second derivative of -s**4/6 + 77*s**3/6 - 7*s**2/2 - 27*s. Is b(24) a prime number?
False
Let i = 15 + -10. Suppose -2*k = -7*k - i*l - 25, -3*k + 5 = -l. Is 12/(-4) + 61 + k a prime number?
False
Let n(g) = 482*g**2 + 7*g - 2. Let w be n(1). Suppose w + 1151 = 18*q. Is q a composite number?
True
Suppose 2*v - 16 = -2*v. Suppose -v*b = -8*b - 1276. Let k = b + 570. Is k a prime number?
True
Let t = 1642 - 919. Let g(m) = 15*m**2 + 18*m - 37. Let s be g(-13). Let i = s - t. Is i a composite number?
True
Suppose -4*b = 4*p - 48, 26 = -19*p + 21*p + 3*b. Suppose 0 = 23*a + p*a - 654423. Is a a composite number?
True
Suppose f = 5*s + 7597, 2*s - 14*f = -17*f - 3049. Let i = 2251 + s. Is i prime?
False
Let t(d) = -d**2 - 28*d - 132. Let o be t(-21). Is (301806/o - (-2)/(-5)) + 3 prime?
True
Suppose -p + 3*r + 10 = 0, 5*r = -35*p + 30*p + 90. Suppose -3*v + 7*v - p = 0, -d - 4*v + 695 = 0. Is d a prime number?
False
Suppose 0 = 3*x - 9, -12*q - 5*x + 368910 = -7*q. Is q a prime number?
False
Let b be (-3 - -1) + 5 - 65. Let l = b + 64. Suppose -l*i + 353 = -1245. Is i composite?
True
Suppose -2*f + 25*f = 8*f. Suppose 0*d + 61443 = 3*d - 4*m, -5*d + 5*m + 102400 = f. Is d prime?
True
Let y(f) = 13846*f**3 + 2*f**2 - 53*f + 462. Is y(7) composite?
True
Let s = 680995 + -177376. Is s composite?
True
Let a = -3091 + 103488. Is a composite?
True
Let q(x) = -9071*x + 475. Is q(-2) composite?
False
Suppose 618*k - 284892 = 606*k. Is k prime?
True
Suppose 0*x + 2*x = 4*l + 82078, -x - 5*l = -41039. Is x a composite number?
False
Let a = -490 + 10514. Suppose 5*v + a = 14*i - 12*i, -2*v + 5021 = i. Is i a composite number?
True
Suppose 171*g = 175*g - 104. Suppose g*h - 31*h + 17135 = 0. Is h a prime number?
False
Let j(w) = 5*w**3 - 19*w**2 + 2*w - 1. Let s be j(-13). Let b = 5083 + s. Is b/(-24) - (-3)/18 - 4 composite?
True
Suppose -5*i - 112505 = -13*p + 8*p, 0 = 5*p - 4*i - 112505. Is p a prime number?
True
Let n(v) = 43948*v + 607. Is n(3) a prime number?
False
Suppose -26*k = 3416 - 28350. Is k composite?
True
Suppose 0 = 2*g + c - 14848, -6 = -113*c + 114*c. Is g a composite number?
True
Let g be (-7)/(42/(-18)) - 12/(-1). Is (2939/4)/(g/60) composite?
False
Let f(x) = x**2 + 19*x + 23. Let o be f(-18). Suppose 0 = o*t + t - 7554. Is t prime?
True
Suppose -5*p + 9*q = 5*q - 361043, -361049 = -5*p + 2*q. Is p prime?
True
Let i(d) = 4*d + 26. Let c be i(-11). Let j = c + 2